, 5
Suppose -21 = -k + 4*m, -17 = -k + 6*m - m. Suppose -11 = -3*n + k. List the prime factors of n.
2
Suppose -3*c - 3*d = -522, -3*d = -5*c + c + 717. What are the prime factors of c?
3, 59
Let i(f) = -f**3 + 7*f**2 - 3*f + 9. Let v be (-38)/(-5) + 12/(-20). Let q be i(v). What are the prime factors of (-1)/(-2)*-2*q?
2, 3
Suppose -1 + 298 = 9*o. What are the prime factors of o?
3, 11
Let z(p) = 2*p - 8. Let s be z(4). Suppose -5*u = -4*f - 204, s*u - u + 4*f + 44 = 0. What are the prime factors of u?
2, 5
Suppose -p + 2*v = 1, 3*p = -3*v - 2*v - 25. Let x be (-3)/15 - 1/p. Suppose 2*w + w - 12 = x. What are the prime factors of w?
2
Suppose -5*v = 5*s - 335, -v + 85 = -s - 4*s. Suppose -4*j - 3*u = 1 - 71, 5*j - 5*u - v = 0. What are the prime factors of j?
2
Let r = 73 + -58. List the prime factors of r.
3, 5
Let m(r) be the third derivative of r**5/60 - 5*r**4/24 + r**3/2 + r**2. Let b be m(5). List the prime factors of -6*b/(-6) + 0.
3
Suppose -2*d = -m - 2*m + 2, 0 = -5*m + d + 1. Suppose 2*y + m*y = 30. List the prime factors of y.
3, 5
Suppose -5*g - 5 = -5*b + 85, 0 = 5*b + 4*g - 63. Suppose -4*d + 63 = b. What are the prime factors of d?
2, 3
Suppose -3*f + f = -8. Let z(d) = 5*d + 6. Let q(c) = c + 1. Let o(b) = 6*q(b) - z(b). List the prime factors of o(f).
2
Let s(o) = o**3 + 19*o**2 + 15*o - 26. What are the prime factors of s(-18)?
2, 7
Let f(j) = -2*j**3 - 4*j**2 - 3*j - 4. Let t be f(-3). Let d = t - 1. What are the prime factors of d?
2, 11
Let k(h) = h**3 - 8*h**2 + 3*h + 1. List the prime factors of k(8).
5
Let g be (-2)/(-3) + 22/(-6). Suppose 0 = 4*y - 3*y + 5. Let m = g - y. What are the prime factors of m?
2
What are the prime factors of 22/143 + 906/26?
5, 7
Suppose 5*o + 25 = 0, -o - 41 = -2*l + 8. Suppose -2*k + k = -l. List the prime factors of k.
2, 11
Let l(q) = 3*q - 2. Let w be l(2). Suppose -c + 10 = w*c. Suppose c*k + 18 = -2*z + 4*z, 0 = -2*z + 3*k + 22. List the prime factors of z.
5
Let z(s) = -s**3 + s**2 - s + 7. Let q be z(0). Suppose -m + 6*m = 25. Let g = q - m. List the prime factors of g.
2
Let d(b) = -b**2 + 2. Let i be d(0). Suppose i*f = 4*w - 6, 3*f = -0*w + w - 4. List the prime factors of (-1)/3*(-33)/w.
11
Let k be (-3 - -1)*-25 - 3. Let b = k + -28. What are the prime factors of b?
19
Suppose -12 = -5*i + 33. What are the prime factors of i?
3
Let d(z) = z - 4. Let o be d(3). Let n be o/(((-2)/(-4))/(-1)). Suppose n*s = -2*c + 16, -5*s - 5*c + 43 = -c. List the prime factors of s.
11
Suppose -16 = 2*m + 2*m. Let y(t) be the first derivative of t**2/2 + 9*t + 6. What are the prime factors of y(m)?
5
Let v(p) = -p**3 - p**2 - p + 2. Suppose -7 = -5*f - 5*w + 3, 0 = -w. Suppose 3*h = f*h. What are the prime factors of v(h)?
2
Let d = -5 - -1. Let p be 2/d - (-5)/2. Suppose -c - 59 = -5*x, 0 = 2*x + p*c - c - 18. List the prime factors of x.
11
Let m be 3 - ((-6)/(-3) - 3). Suppose -3*a = 9, m*a - 20 = 3*t - 4*t. What are the prime factors of t?
2
Let o(v) = v + 8. Let d be o(-6). Suppose 2*u + d - 12 = 0. Suppose -m + 4*q + 31 = -0*q, u*m = -q + 92. List the prime factors of m.
19
Suppose -k + 11 = -2*d, 3*k = 2*k + 4*d + 11. Suppose 3*f = -k + 26. Suppose 2*b - f = b. List the prime factors of b.
5
Let p(c) = -7*c + 11. Let a be p(-8). Let v = a - 40. List the prime factors of v.
3
Let p(a) = 52*a + 1. Let l be p(1). Let g = l - 11. What are the prime factors of g?
2, 3, 7
Suppose -2*r - 336 = -3*x, 6*x + r - 217 = 4*x. What are the prime factors of x?
2, 5, 11
Suppose -3*x + s = -0*s - 25, s - 2 = 0. What are the prime factors of x?
3
Let p be (2 - 0)/(4/6). Suppose 4*v = 0, -p*s - 2*v = -7*v - 108. What are the prime factors of s?
2, 3
Suppose 0 = -3*x + 15 + 30. Let t = 21 - x. List the prime factors of t.
2, 3
Let j(c) = c**2 - 6*c - 1. Let g be j(6). Let a = 2 - g. List the prime factors of a.
3
Let c(z) = 3*z**2 - 9*z + 7. List the prime factors of c(5).
37
Let h be (3/(-6))/((-1)/2). Let w be 6 - (h - -4 - 2). Suppose -2*z - 6 = -w*z. What are the prime factors of z?
2, 3
Let q = 313 + -44. What are the prime factors of q?
269
Suppose 32*n - 570 = 29*n. What are the prime factors of n?
2, 5, 19
Suppose 0 = 4*c - 3*z - 9, -3*z - 3 = -2*c - 0*c. Suppose -c*n + 16 = n. Suppose 2 = -n*g + 14. What are the prime factors of g?
3
Let p = 51 + -33. List the prime factors of p.
2, 3
Suppose -1 = -2*v + 7. Let h(m) = m**2 - 2*m + 6. List the prime factors of h(v).
2, 7
Let y be (117/(-6) + 1)*-2. Suppose 0 = 4*h - 4*k - 20, 6*h - 2*k - y = h. Suppose x = h - 0. What are the prime factors of x?
3
Suppose 4*x + 34 = -3*z - 8, 42 = -3*x + 3*z. Let o be (-808)/x + (-4)/(-6). Suppose 0 = -u - 3*w + 13, 0 = 4*u + 2*w + 2*w - o. List the prime factors of u.
19
Let x be 2/5 - (-896)/35. Suppose -c + x = 8. List the prime factors of c.
2, 3
Suppose -20 = -5*z, -3*v + 8*v - z - 66 = 0. Let a = v - -17. What are the prime factors of a?
31
Suppose -r - 2*r = 126. What are the prime factors of (-654)/r + (-3)/(-7)?
2
Suppose -4*v + 2*v + 4 = 0. Suppose 3*b + 9 = -2*p - 2*b, 21 = v*p - 5*b. Suppose -r + p*r - 10 = 0. List the prime factors of r.
5
Let y = -395 - -684. What are the prime factors of y?
17
Suppose 3*m + 10 = 4*m + d, -3*m - d = -20. Suppose 10 = -l - 4*i + 1, l - m*i - 36 = 0. List the prime factors of l.
11
Let k(g) = 1 - g + 5*g**2 - 5*g**2 + 16*g**2. Let d be k(2). List the prime factors of d/(-6)*(-4)/6.
7
Let u(y) = 11*y - 12. Let i be u(9). Let f = i + -61. What are the prime factors of f?
2, 13
Let k = -12 + 66. What are the prime factors of k?
2, 3
Let t = 13 + 1. What are the prime factors of t?
2, 7
Suppose -z = 4*z + 20. Let n = 3 - z. Suppose -2*m + 19 = 5*k - 4*m, 2*m = k - n. What are the prime factors of k?
3
Let f(z) = 4*z**3 - z**2 + 5*z. Let n(s) = s**3 + s. Let m(c) = f(c) - 3*n(c). Let b(a) = -a - 7. Let t be b(-9). List the prime factors of m(t).
2
Let u = 25 + 26. List the prime factors of u.
3, 17
List the prime factors of (36/16 - 2) + 311/4.
2, 3, 13
Let a(k) = 2*k**3 - 7*k**2 + 7. What are the prime factors of a(5)?
2, 41
Let v = -54 - -57. List the prime factors of v.
3
Let h = -75 - -173. List the prime factors of h.
2, 7
Suppose 47 = f - 14. What are the prime factors of f?
61
Let r(p) = -1 + p + 1. Let u be r(-1). Let t = 10 - u. List the prime factors of t.
11
Let x(j) = -7*j**3 + 2*j + 1. List the prime factors of x(-1).
2, 3
Suppose -4*f + 142 = -118. What are the prime factors of f?
5, 13
Suppose -2*r - r + 6 = 0. Suppose -5*c + 8 = -k + 3, r*k - c = 35. List the prime factors of (15/25)/(2/k).
2, 3
What are the prime factors of 1 - (-3880)/25 - (-2)/(-10)?
2, 3, 13
Let c(v) = -v - 4. Let g be c(-7). Let a = g - 3. Suppose 5*k = -3*o - 0*k + 27, k - 3 = a. List the prime factors of o.
2
Suppose 0 = v - 3. Suppose v*t - 48 = -3. What are the prime factors of t?
3, 5
Suppose 976 - 184 = 8*h. What are the prime factors of h?
3, 11
Suppose -2*v - 2*n = 0, -4*v = -7*v - n + 8. Let r be ((-54)/v)/(4/8). What are the prime factors of (-4)/(-6)*r/(-6)?
3
Let t(h) = h**3 - 4*h**2 - 6*h + 7. What are the prime factors of t(5)?
2
Let s(f) = 12*f - 1. Let y be s(1). Suppose -5*a + 3*a + 5 = -5*w, -2*a + 3*w + y = 0. What are the prime factors of a?
2, 5
Suppose -k + 3*k = -4. Let n be 17 + (-1 - k - 2). Suppose -5*f = -n - 9. What are the prime factors of f?
5
Let y(i) = -i**2 - 2*i + 32. What are the prime factors of y(0)?
2
Suppose -274 = -2*a - 78. What are the prime factors of a?
2, 7
Suppose 6*u - 736 = 2*u. Suppose 4*s = 4*b - 0*s - u, 2*b - 5*s = 95. What are the prime factors of b?
3, 5
Suppose 0 = -4*k - 12, j + 3*j - 5*k + 41 = 0. Let a = j + 28. What are the prime factors of a?
2, 7
Suppose -3*c + 5*s = s - 17, -9 = -c + 3*s. Suppose c*d - 2*x - 25 = 0, d + 5 + 4 = 5*x. What are the prime factors of d?
11
Suppose -4*l + 84 = -3*t, 4*l + 0*l - 92 = t. What are the prime factors of l?
2, 3
Suppose 5*z = 4*j + 7, 3*z + 3 - 14 = -j. What are the prime factors of j + (-3 - 0 - -3)?
2
Let t(d) = 2*d**2 - 3*d + 2. Let k(c) = -c**2 + c - 1. Let w(b) = -k(b) - t(b). Let y be w(1). Suppose 4*x + y*x - 8 = 0. What are the prime factors of x?
2
Let y be (4/(-5))/((-4)/(-10)). Let z be (-16)/4 + (0 - y). What are the prime factors of 6 - 1*(-4 - z)?
2
List the prime facto